ands digit of 31*393 + (-22 + -1)/23?
1
Suppose -3 = -3*g + 7*b - 2*b, -3*g = -b + 9. Suppose -4*w - 85 = -245. Let u = w - g. What is the units digit of u?
4
Let a = 48560 - 14399. What is the hundreds digit of a?
1
Suppose 0 = -r + 1575 - 356. Suppose 4*d - 5*a - 908 = 0, 4*a - r + 43 = -5*d. What is the hundreds digit of d?
2
Let b(z) = -70*z**2 + 5*z. Let g be b(-1). Let x = 464 + g. What is the tens digit of x?
8
Suppose 17*t = 132 + 4. Suppose 0 = -t*p + 19*p - 4488. What is the tens digit of p?
0
What is the tens digit of 235525/4 - (69/(-12) + 6)?
8
Let a(g) = 1542*g - 9. What is the hundreds digit of a(1)?
5
Suppose -101*u - 3*u - 152*u + 7730432 = 0. What is the tens digit of u?
9
Let x = -57 + 61. Let r be -3 + (x + 86)/((-9)/(-6)). Suppose -54 - r = -o. What is the tens digit of o?
1
Let y(r) = -3*r**2 - 37*r - 10. Let u be y(-12). Suppose 11*z - u*z = 1053. Let v = -55 + z. What is the units digit of v?
2
Let v = -43007 - -72218. What is the ten thousands digit of v?
2
Suppose -1 = -l + 7. Suppose 1148 + 2484 = -l*s. What is the hundreds digit of 8/3 - 2 - s/3?
1
Suppose 5*p = -5*k + 240, 4*p = -2*k + k + 48. Suppose 1260 = 3*o - k. What is the units digit of o?
6
Suppose 0 = 5*a - 0*a + 75. Let t = a + 27. What is the tens digit of t/(-66) - 497/(-11)?
4
Let d(f) = -f**3 + 14*f**2 + f + 20. Suppose 207 = 5*t + 167. What is the hundreds digit of d(t)?
4
Let f = -22 + 30. Suppose f*u - 10*u = 0. Suppose 10*y + 9 - 519 = u. What is the units digit of y?
1
Let n(b) = 92*b - 579. What is the tens digit of n(43)?
7
Let b be 6/15 - (-4)/(-10). Suppose -30296 = -15*u - 3296. Suppose 6*p + 9*p - u = b. What is the hundreds digit of p?
1
Let x(c) = -402*c**3 - 37*c**2 + 7*c - 10. What is the units digit of x(-4)?
8
Let v = 6817 - -2165. What is the hundreds digit of v?
9
Let u = -15912 + 31670. What is the thousands digit of u?
5
Suppose 2*g = -4*m + 534, -5*m = -m - 4*g - 540. Let k(q) = -2*q**2 + 2*q - 7. Let p be k(5). Let j = p + m. What is the tens digit of j?
8
Let h(k) = -k**2 - 15*k + 21. Let d(i) = -2*i**2 - 3*i + 11. Let q be d(-4). What is the tens digit of h(q)?
7
Suppose -5*f - 22 = -22. Suppose -o - 3*d + 26 = 9, f = o - 4*d + 11. Suppose 3*v + a = -2*a + 708, -o*a + 466 = 2*v. What is the tens digit of v?
3
Let j(m) = 4 + 5 - 25 - 15 - 2*m. Let q be j(-16). What is the tens digit of (51/(-85))/(q/(-55))?
3
Suppose -4*o - 392 = 2*y, 3*y + 400 = y + 4*o. Let b = 718 + y. Suppose 6*z = z + b. What is the units digit of z?
4
Suppose -948 = 3*b - 3*f + 1020, -f = 4*b + 2634. Let c = -153 - b. What is the units digit of c?
5
Suppose -6*q + 25 - 235 = 0. Suppose 468 - 134 = 2*f. Let b = f + q. What is the tens digit of b?
3
Suppose -2*b = -b. Suppose -2*n + 114 + 80 = -4*g, -3*n + 4*g + 295 = b. Suppose -422 - n = -2*s - 5*c, -2*s = -4*c - 496. What is the units digit of s?
4
Suppose 9 = 3*g + 3. Suppose 3*i = p + 5, g*i + p + 3*p - 22 = 0. Suppose -12 = -i*v + 132. What is the units digit of v?
8
Let g be 1/(-2)*(12 - -8). Let s be (-555)/g*((-10)/3)/5. Let f = 319 + s. What is the hundreds digit of f?
2
Suppose -2*d + 18 = 4*d. Suppose 3*l + d*l - 630 = 0. Let h = l + -84. What is the tens digit of h?
2
Let r be 3 - (2 + 5/5). Suppose 6 - 21 = 4*m - i, 4*m + 3*i + 3 = r. What is the units digit of 3 - (-72 - (1 + m))?
3
Let v = -14 - -15. Let m = v + 21. Let p = m - -25. What is the tens digit of p?
4
Let u be 64 - (4*-1 + 2). Suppose -1787*p = -1796*p + 216. Let a = u - p. What is the tens digit of a?
4
Suppose -5*o - 693 + 10148 = -5*l, 4*l = -8. What is the units digit of o?
9
What is the units digit of ((-19)/76)/((-10)/224088) - 5/25?
2
Let y(o) = 295*o - 101. What is the thousands digit of y(37)?
0
Let y be ((23 + -10)/13)/((-2)/(-1270)). Suppose -7*g + 2007 = y. What is the tens digit of g?
9
Suppose b - 23510 = -2*h, -19*b = 2*h - 22*b - 23510. What is the tens digit of h?
5
Suppose 5*c = c + 2972. Suppose 0 = -q - 3*k + 185, -3*k - c = -3*q - 212. What is the hundreds digit of q?
1
Let r = 6946 - 2770. Let z be r/(-51) + (-12)/102. Let v = 117 + z. What is the tens digit of v?
3
Suppose -4*h = -4*c + 2*c - 10, 3*c - 2*h + 3 = 0. Let p(z) = -z + 1. Let o(l) = -5*l + 14. Let g(m) = c*o(m) - 6*p(m). What is the tens digit of g(9)?
1
Let h be (-10)/((-3)/3)*-4. Let x = 44 + h. Suppose 35 = -x*r + 9*r. What is the units digit of r?
7
Let q(a) be the first derivative of -a**4/4 + 2*a**3/3 + a**2/2 - 4*a - 3. Let u be q(2). Let n(x) = -x**2 - 3*x. What is the units digit of n(u)?
2
Suppose -234*y + 1880505 = 284859. What is the units digit of y?
9
Suppose -56 = 2*m - 4*m + 4*o, 3*m - 84 = o. Let z(f) = m*f + 3 - 9*f + 7. What is the units digit of z(7)?
3
Let a(v) = 2*v**2 + 2*v - 3. Let h be a(2). Let g = -8 + h. What is the units digit of (-69)/((-4)/4) + g?
0
Let s(g) = g**3 + 91*g**2 + 617*g + 14. What is the thousands digit of s(-82)?
9
Let u(x) = 17*x + 4. Let c = 88 - 96. Let z be 7/4 + 0 - 2/c. What is the units digit of u(z)?
8
Let t(g) = -2*g**2 - 2*g + 3. Let h be t(-4). Let i be -3*(-1 + (-88)/(-6)). Let x = h - i. What is the tens digit of x?
2
What is the units digit of (((-347400)/16)/(-15))/(-3 + 27/8)?
0
Let b = 13342 - -64517. What is the units digit of b?
9
Suppose 46 = -4*b + 14. What is the units digit of (2511 + -7)/2*(-2)/b?
3
Suppose -107*w + 1917630 = -17*w. What is the hundreds digit of w?
3
Let b = 3903 - 2712. Let z = b + -680. What is the units digit of z?
1
Let w = -30122 - -51557. What is the tens digit of w?
3
Let x(g) = -741*g - 3125. What is the thousands digit of x(-29)?
8
Let t(z) = 3*z**2 - 10*z - 71. Let p be t(-4). Suppose -p*m = 21*m - 35986. What is the hundreds digit of m?
9
Let x = 28 + -53. Let z = x - -28. What is the tens digit of 67 - 2/(-3)*z?
6
Let c(n) = -677*n + 15074. What is the tens digit of c(-80)?
3
Let t(i) be the first derivative of -i**3/3 - 8*i**2 - 10*i + 2264. Let h be (1 + -5)/((-10)/(-25)). What is the tens digit of t(h)?
5
Let m(k) = 19*k**3 - 38*k**2 + 58*k + 108. Let w(x) = -12*x**3 + 25*x**2 - 39*x - 72. Let s(t) = -5*m(t) - 8*w(t). What is the tens digit of s(11)?
9
Let u = -1771 + 3108. Let b = -271 + u. What is the thousands digit of b?
1
Let k(q) = -q**3 + 51*q**2 + 35*q + 111. What is the units digit of k(51)?
6
Let l(c) = 31*c**2 - 123*c + 751. What is the tens digit of l(6)?
2
Suppose 2*x = -4*d + 206, -x + 2*d + 115 = 24. Suppose -o + x = -5*f, o - 60 = -2*f + 9. What is the tens digit of o?
7
Let h(j) = 1548*j**2 + 52*j - 5. What is the thousands digit of h(2)?
6
Let x(a) = -54*a + 1397. Let g be x(0). Let c = 153 - -204. Suppose -g + c = -8*d. What is the units digit of d?
0
Let g(q) = -q**3 + 6*q**2 + q + 2. Let j be g(6). Let d(w) = 61*w + 23. What is the units digit of d(j)?
1
Let a be (4/3)/(36/(-594)). Let m = a + 25. Suppose 3*q + m*u = 41 + 25, -q + 4*u + 7 = 0. What is the tens digit of q?
1
Let a be 3*(-8)/48*-1094. Let c = -389 + a. What is the tens digit of c?
5
Let d = 29 - 48. Let n = 31 + d. Suppose 15*f - 45 = n*f. What is the units digit of f?
5
Let b = 11406 - -27644. What is the ten thousands digit of b?
3
Let k = 9161 - 4132. What is the thousands digit of k?
5
Suppose 10 + 86 = 12*z. Let h be (-4 + -4 + z)*-1. Suppose h = 6*c - 600 - 684. What is the hundreds digit of c?
2
Let p(c) = 1019*c + 401. What is the hundreds digit of p(17)?
7
Let v be -1 + (-6)/(2 + -5) - 18. Let w(f) = -1 + 11*f + 0*f**2 - 22 + 2*f**2 - f**2. What is the units digit of w(v)?
9
Suppose -17*l - 20*l - 52*l + 723125 = 0. What is the units digit of l?
5
Suppose 73976 = 4*u - 4*h, 4*u - 5*h = -8*h + 73997. What is the units digit of u?
7
Let p(o) = 15 + 3*o + 614*o**2 + 3 - 611*o**2. What is the tens digit of p(-13)?
8
Let n be (-1140)/(-100) - (-2)/(-5). Suppose -5*i = -g - 21, 2*i = -4*g + 37 - n. Suppose i*y - 3*f + f - 244 = 0, 196 = 4*y - 2*f. What is the tens digit of y?
4
Let a(i) = 12*i + 58. Let m be a(-4). What is the tens digit of (-1188)/1*m/20*-1?
9
Let g = 520 - 1381. Let h = 1287 + g. What is the hundreds digit of h?
4
Let x(k) = -k**3 + 7*k**2 - k + 4. Let c be x(6). Suppose -c - 11 = 3*o. What is the tens digit of 104 - -6 - o/3?
1
Let h = 10007 - -9963. What is the units digit of h?
0
Suppose -3*i = 8*i + 882475. What is the units digit